{"id":218,"date":"2025-02-08T14:22:49","date_gmt":"2025-02-08T13:22:49","guid":{"rendered":"https:\/\/cgtsdis88.fr\/?page_id=218"},"modified":"2026-02-12T10:12:36","modified_gmt":"2026-02-12T09:12:36","slug":"documents","status":"publish","type":"page","link":"https:\/\/cgtsdis88.fr\/?page_id=218","title":{"rendered":"Devenir adh\u00e9rent"},"content":{"rendered":"\n<p class=\"has-text-align-center\"><strong>En avant pour rejoindre le mouvement CGT du SDIS 88!<\/strong><\/p>\n\n\n\n<p class=\"has-text-align-center\">Tarifs des cotisations mensuelles CGT du SDIS 88 en euros:<\/p>\n\n\n\n<figure class=\"wp-block-table\"><table class=\"has-fixed-layout\"><tbody><tr><td>PATS cat. C et Hommes du rang<\/td><td>19<\/td><\/tr><tr><td>SGT\/SCH<\/td><td>20<\/td><\/tr><tr><td>ADJ<\/td><td>21<\/td><\/tr><tr><td>ADC<\/td><td>22<\/td><\/tr><tr><td>PATS cat B et LTN<\/td><td>25<\/td><\/tr><tr><td>CNE et PATS cat. A<\/td><td>26<\/td><\/tr><tr><td>CDT<\/td><td>27<\/td><\/tr><tr><td><\/td><td><\/td><\/tr><\/tbody><\/table><\/figure>\n\n\n\n<p class=\"has-accent-color has-text-color has-link-color wp-elements-e747e6317cb0aa29786a92d2b56c920c\"><strong>ADHESION EN LIGNE EN 3 ETAPES<\/strong><\/p>\n\n\n\n<p class=\"has-text-color has-link-color wp-elements-ac26a8d97e36aa880dcd2fedd5b2ffc9\" style=\"color:#2767cc\"><strong>1.T\u00e9l\u00e9charger et remplir le mandat \u00e0 joindre au formulaire d&rsquo;adh\u00e9sion:<\/strong><\/p>\n\n\n\n<div class=\"wp-block-file\"><a id=\"wp-block-file--media-6689ad56-e90b-4832-955a-2caeaa64de39\" href=\"https:\/\/cgtsdis88.fr\/wp-content\/uploads\/2026\/01\/Mandat-a-remplir.docx\">Mandat \u00e0 remplir (format word)<\/a><a href=\"https:\/\/cgtsdis88.fr\/wp-content\/uploads\/2026\/01\/Mandat-a-remplir.docx\" class=\"wp-block-file__button wp-element-button\" download aria-describedby=\"wp-block-file--media-6689ad56-e90b-4832-955a-2caeaa64de39\">T\u00e9l\u00e9charger<\/a><\/div>\n\n\n\n<div class=\"wp-block-file\"><a id=\"wp-block-file--media-ca560ba4-23fe-4938-8d9e-77e676195789\" href=\"https:\/\/cgtsdis88.fr\/wp-content\/uploads\/2026\/02\/Mandat-a-remplir.pdf\">Mandat-a-remplir (PDF)<\/a><a href=\"https:\/\/cgtsdis88.fr\/wp-content\/uploads\/2026\/02\/Mandat-a-remplir.pdf\" class=\"wp-block-file__button wp-element-button\" download aria-describedby=\"wp-block-file--media-ca560ba4-23fe-4938-8d9e-77e676195789\">T\u00e9l\u00e9charger<\/a><\/div>\n\n\n\n<p class=\"has-text-color has-link-color wp-elements-c89b42e3a24bf038faa7d496503e15bc\" style=\"color:#2767cc\"><strong>2. Remplir le formulaire<\/strong><\/p>\n\n\n\n<div class=\"wpcf7 no-js\" id=\"wpcf7-f225-o1\" lang=\"fr-FR\" dir=\"ltr\" data-wpcf7-id=\"225\">\n<div class=\"screen-reader-response\"><p role=\"status\" aria-live=\"polite\" aria-atomic=\"true\"><\/p> <ul><\/ul><\/div>\n<form action=\"\/index.php?rest_route=%2Fwp%2Fv2%2Fpages%2F218#wpcf7-f225-o1\" method=\"post\" class=\"wpcf7-form init\" aria-label=\"Formulaire de contact\" enctype=\"multipart\/form-data\" novalidate=\"novalidate\" data-status=\"init\">\n<fieldset class=\"hidden-fields-container\"><input type=\"hidden\" name=\"_wpcf7\" value=\"225\" \/><input type=\"hidden\" name=\"_wpcf7_version\" value=\"6.1.5\" \/><input type=\"hidden\" name=\"_wpcf7_locale\" value=\"fr_FR\" \/><input type=\"hidden\" name=\"_wpcf7_unit_tag\" value=\"wpcf7-f225-o1\" \/><input type=\"hidden\" name=\"_wpcf7_container_post\" value=\"0\" \/><input type=\"hidden\" name=\"_wpcf7_posted_data_hash\" value=\"\" \/>\n<\/fieldset>\n<p><label> Votre nom et Pr\u00e9nom<br \/>\n<span class=\"wpcf7-form-control-wrap\" data-name=\"your-name\"><input size=\"40\" maxlength=\"400\" class=\"wpcf7-form-control wpcf7-text wpcf7-validates-as-required\" autocomplete=\"name\" aria-required=\"true\" aria-invalid=\"false\" value=\"\" type=\"text\" name=\"your-name\" \/><\/span> <\/label>\n<\/p>\n<p><label> Votre fonction (grade ou cat\u00e9gorie)<br \/>\n<span class=\"wpcf7-form-control-wrap\" data-name=\"text-968\"><input size=\"40\" maxlength=\"400\" class=\"wpcf7-form-control wpcf7-text\" aria-invalid=\"false\" value=\"\" type=\"text\" name=\"text-968\" \/><\/span> <\/label>\n<\/p>\n<p><label> Votre affectation (centre ou service)<br \/>\n<span class=\"wpcf7-form-control-wrap\" data-name=\"text-13\"><input size=\"40\" maxlength=\"400\" class=\"wpcf7-form-control wpcf7-text\" aria-invalid=\"false\" value=\"\" type=\"text\" name=\"text-13\" \/><\/span> <\/label>\n<\/p>\n<p><label> Votre adresse<br \/>\n<span class=\"wpcf7-form-control-wrap\" data-name=\"text-831\"><input size=\"40\" maxlength=\"400\" class=\"wpcf7-form-control wpcf7-text\" aria-invalid=\"false\" value=\"\" type=\"text\" name=\"text-831\" \/><\/span> <\/label>\n<\/p>\n<p><label> Tel personnel<br \/>\n<span class=\"wpcf7-form-control-wrap\" data-name=\"tel-647\"><input size=\"40\" maxlength=\"400\" class=\"wpcf7-form-control wpcf7-tel wpcf7-text wpcf7-validates-as-tel\" aria-invalid=\"false\" value=\"\" type=\"tel\" name=\"tel-647\" \/><\/span> <\/label>\n<\/p>\n<p><label> Votre e-mail(hors domaine SDIS de pr\u00e9f\u00e9rence)<br \/>\n<span class=\"wpcf7-form-control-wrap\" data-name=\"email-710\"><input size=\"40\" maxlength=\"400\" class=\"wpcf7-form-control wpcf7-email wpcf7-text wpcf7-validates-as-email\" aria-invalid=\"false\" value=\"\" type=\"email\" name=\"email-710\" \/><\/span> <\/label>\n<\/p>\n<p><label> date de naissance<br \/>\n<span class=\"wpcf7-form-control-wrap\" data-name=\"date-619\"><input class=\"wpcf7-form-control wpcf7-date wpcf7-validates-as-date\" aria-invalid=\"false\" value=\"\" type=\"date\" name=\"date-619\" \/><\/span> <\/label>\n<\/p>\n<p><label> je souhaite recevoir mon courrier<br \/>\n<span class=\"wpcf7-form-control-wrap\" data-name=\"select-888\"><select class=\"wpcf7-form-control wpcf7-select\" aria-invalid=\"false\" name=\"select-888\"><option value=\"sur mon lieu de travail\">sur mon lieu de travail<\/option><option value=\"A mon domicile\">A mon domicile<\/option><\/select><\/span> <\/label>\n<\/p>\n<p>PROTECTION DES DONNEES<br \/>\n<span class=\"wpcf7-form-control-wrap\" data-name=\"radio-155\"><span class=\"wpcf7-form-control wpcf7-radio\"><span class=\"wpcf7-list-item first\"><label><input type=\"radio\" name=\"radio-155\" value=\"J&#039;accepte que mon num\u00e9ro de t\u00e9l\u00e9phone soit ajout\u00e9 \u00e0 une groupe de discussion (whatsapp ou \u00e9quivalent. J&#039;ai bien not\u00e9 que celui-ci sera visible par les autres adh\u00e9rents.\" \/><span class=\"wpcf7-list-item-label\">J&#039;accepte que mon num\u00e9ro de t\u00e9l\u00e9phone soit ajout\u00e9 \u00e0 une groupe de discussion (whatsapp ou \u00e9quivalent. J&#039;ai bien not\u00e9 que celui-ci sera visible par les autres adh\u00e9rents.<\/span><\/label><\/span><span class=\"wpcf7-list-item last\"><label><input type=\"radio\" name=\"radio-155\" value=\"Je ne souhaite pas que mon num\u00e9ro soit ajout\u00e9 \u00e0 un groupe de discussion\" \/><span class=\"wpcf7-list-item-label\">Je ne souhaite pas que mon num\u00e9ro soit ajout\u00e9 \u00e0 un groupe de discussion<\/span><\/label><\/span><\/span><\/span>\n<\/p>\n<p>JOINDRE LE MANDAT DE PREVELEMENT TELECHARGE PLUS HAUT<br \/>\n<span class=\"wpcf7-form-control-wrap\" data-name=\"file-220\"><input size=\"40\" class=\"wpcf7-form-control wpcf7-file\" accept=\".pdf,.jpg,.jpeg,.png,.gif,.mp3,.wav,.mp4,.mov\" aria-invalid=\"false\" type=\"file\" name=\"file-220\" \/><\/span>\n<\/p>\n<p><input class=\"wpcf7-form-control wpcf7-submit has-spinner\" type=\"submit\" value=\"Envoyer\" \/>\n<\/p><p style=\"display: none !important;\" class=\"akismet-fields-container\" data-prefix=\"_wpcf7_ak_\"><label>&#916;<textarea name=\"_wpcf7_ak_hp_textarea\" cols=\"45\" rows=\"8\" maxlength=\"100\"><\/textarea><\/label><input type=\"hidden\" id=\"ak_js_1\" name=\"_wpcf7_ak_js\" value=\"59\"\/><script>document.getElementById( \"ak_js_1\" ).setAttribute( \"value\", ( new Date() ).getTime() );<\/script><\/p><div class=\"wpcf7-response-output\" aria-hidden=\"true\"><\/div>\n<\/form>\n<\/div>\n\n\n\n\n<p class=\"has-accent-color has-text-color has-link-color wp-elements-c38464ccf565656d5ab323f7555b00fc\">EN CAS DE DIFFICULTE VOUS POUVEZ TRANSMETTRE LE MANDAT PAR MAIL \u00e0 : politique.financiere@cgtsdis88.fr<\/p>\n\n\n\n<div class=\"wp-block-group is-nowrap is-layout-flex wp-container-core-group-is-layout-ad2f72ca wp-block-group-is-layout-flex\">\n<p class=\"has-text-color has-link-color wp-elements-146f08d21d43f84b4547438b2e3d09fd\" style=\"color:#2767cc\"><strong>3. Vous recevrez par mail vos acc\u00e8s adh\u00e9rent au site cgtsdis88.fr les jours suivants.<\/strong><\/p>\n<\/div>\n","protected":false},"excerpt":{"rendered":"<p>En avant pour rejoindre le mouvement CGT du SDIS 88! Tarifs des cotisations mensuelles CGT du SDIS 88 en euros: PATS cat. C et Hommes du rang 19 SGT\/SCH 20 ADJ 21 ADC 22 PATS cat B et LTN 25 CNE et PATS cat. A 26 CDT 27 ADHESION EN LIGNE EN 3 ETAPES 1.T\u00e9l\u00e9charger [&hellip;]<\/p>\n","protected":false},"author":1,"featured_media":0,"parent":0,"menu_order":0,"comment_status":"closed","ping_status":"closed","template":"","meta":{"footnotes":""},"class_list":["post-218","page","type-page","status-publish","hentry"],"_links":{"self":[{"href":"https:\/\/cgtsdis88.fr\/index.php?rest_route=\/wp\/v2\/pages\/218","targetHints":{"allow":["GET"]}}],"collection":[{"href":"https:\/\/cgtsdis88.fr\/index.php?rest_route=\/wp\/v2\/pages"}],"about":[{"href":"https:\/\/cgtsdis88.fr\/index.php?rest_route=\/wp\/v2\/types\/page"}],"author":[{"embeddable":true,"href":"https:\/\/cgtsdis88.fr\/index.php?rest_route=\/wp\/v2\/users\/1"}],"replies":[{"embeddable":true,"href":"https:\/\/cgtsdis88.fr\/index.php?rest_route=%2Fwp%2Fv2%2Fcomments&post=218"}],"version-history":[{"count":27,"href":"https:\/\/cgtsdis88.fr\/index.php?rest_route=\/wp\/v2\/pages\/218\/revisions"}],"predecessor-version":[{"id":471,"href":"https:\/\/cgtsdis88.fr\/index.php?rest_route=\/wp\/v2\/pages\/218\/revisions\/471"}],"wp:attachment":[{"href":"https:\/\/cgtsdis88.fr\/index.php?rest_route=%2Fwp%2Fv2%2Fmedia&parent=218"}],"curies":[{"name":"wp","href":"https:\/\/api.w.org\/{rel}","templated":true}]}}